**3 - y**2 - 7*y - 20. What is the tens digit of b(-4)?
4
Let c(o) = 4*o + 141. What is the tens digit of c(26)?
4
Suppose -4*i = -2*t - 14014, 4*i - 18*t = -12*t + 14010. What is the units digit of i?
4
What is the tens digit of ((-30)/(-75))/((-4)/2255)*-2?
5
Suppose -27*m + 7*m = -79540. What is the tens digit of m?
7
Let k be (-9)/2*(-6)/9. Let u(s) = 3*s**3 + 3*s - 3*s**2 - 1 + 7*s**3 - 8*s**3 + 3. What is the units digit of u(k)?
8
Let u = 0 - 0. Suppose u = -7*s + 2*s. Suppose -3*b + 5*r + 53 = s, -4*b - 27 = -6*b + 5*r. What is the units digit of b?
6
Suppose 0 = 2*h + 2*h - 16. Let d = 4 + h. Suppose 0 = -2*i - d, -3*g + g + 76 = 3*i. What is the tens digit of g?
4
Suppose -2*s = r - 1014, -5*r + 2036 + 3034 = 4*s. What is the tens digit of r?
1
Let i be (-1)/(-8) + 12447/72. Let n = i - 49. What is the tens digit of n?
2
Let j = 20 + -14. Let z = j + 9. Suppose -o - 18 = -3*p, -2*o + z = -7*o. What is the units digit of p?
5
Suppose -1 = -n + 4*q, 4*q + 3 = -n - 4. What is the units digit of 2 - 8 - n - -54?
1
Let g(l) = -l**2 - 14*l - 4. Let f be g(-14). What is the tens digit of 485/(-10)*(f + 2)?
9
Suppose 0 = z - 2*a - 152, 0 = -4*a - 4 + 8. Let v = z - 58. What is the units digit of v?
6
Suppose -6*f = 63 + 837. What is the units digit of 3/(1*(-9)/f)?
0
Suppose -22 - 2 = -6*g. Suppose -4*u = -2*b - 614, 4*u + g*b - 889 = -293. What is the tens digit of u?
5
Let y(j) be the first derivative of -15*j**2 - j - 8. What is the tens digit of y(-2)?
5
Let k be (-122)/(-427) + 5044/(-14). Let x be (-1 - 1)*6/(-4). What is the tens digit of ((-4)/x)/(10/k)?
4
What is the thousands digit of 31420/15*(-30)/(-40)?
1
Let i = 41 - 37. Suppose -i*d + 131 = -3*d. Let x = d + -68. What is the units digit of x?
3
Suppose 239 + 129 = 2*y. What is the hundreds digit of y?
1
Let i(n) = n + 10. Let u(l) = -l - 4. Let w be u(4). Let f be i(w). Suppose -4*s + 88 = -3*x, x + 24 - f = s. What is the tens digit of s?
2
Let k(d) = 89*d**2 + 3*d + 9. What is the hundreds digit of k(-2)?
3
Let g(w) = 5*w**2 - 8*w - 68. What is the thousands digit of g(18)?
1
Let n(s) be the first derivative of -s**3/3 + 11*s**2 + 5*s - 25. What is the tens digit of n(13)?
2
Let z(y) = 2*y + 17. Let h be z(16). Let j = h - 29. What is the tens digit of j?
2
Suppose -5*r = -4*r + 21. Let o be 915/r - (-4)/7. Let l = 2 - o. What is the units digit of l?
5
Suppose 4*h = 123 - 15. What is the units digit of (-388)/(-9) - 3/h?
3
Let w(v) = 67*v + 470. What is the units digit of w(25)?
5
Let f(z) = z**3 + 11*z**2 + 2. Let t be f(-11). Suppose -268 + 76 = -t*w. What is the units digit of w?
6
Let k(p) = -2*p**2 + 3*p**3 + p + 3*p - 2*p - 3. Let f be -1 + 0 + 4/((-8)/(-6)). What is the tens digit of k(f)?
1
Suppose t - 3050 = -5*i, 3*t = -2*i - 176 + 1396. What is the hundreds digit of i?
6
What is the thousands digit of (-12 - -290)*38/4?
2
Suppose -12457 - 1517 = -17*r. What is the hundreds digit of r?
8
Let i = 17 + -13. What is the tens digit of (-4)/6*((-700)/8 - i)?
6
Let c(y) = y + 1. Let x(a) = a**2 - a - 2. Let h(k) = 3*c(k) + 2*x(k). Suppose -r - 4 = r. What is the units digit of h(r)?
5
Let k(m) = -m**3 - 3*m**2 + 4*m + 10. Let c be k(-4). Let o = 17 - c. What is the units digit of o?
7
Suppose -16*v + 15*v = -472. What is the hundreds digit of v?
4
Suppose 6 = 3*n, 0*n = j - n - 444. Let c = j - 251. What is the hundreds digit of c?
1
What is the tens digit of (12/((-96)/(-17548)))/(3/6)?
8
Let x(q) = q**2 + q + 35. Suppose 17 + 4 = 3*c. What is the units digit of x(c)?
1
What is the hundreds digit of 987 + 5 + -4 + 5?
9
Let y(i) = 10*i**2 - 6*i - 24. What is the hundreds digit of y(8)?
5
Suppose -2*s = 5*w + 62, -5*s + 4*w + 4 = 159. Suppose 191 = -10*c + 5*c + 2*i, 5*i - 68 = 2*c. Let b = s - c. What is the units digit of b?
8
Let m = 23 + -23. Suppose -8*d + 211 + 141 = m. What is the units digit of d?
4
Let c(f) = -4*f + 4. Let a(q) = 3 + 0 - 2*q + 1 - 3. Let t be a(4). What is the units digit of c(t)?
2
Let d(q) = q + 4. Let z be d(0). Suppose 3*b = -z*i + 79, 4*b = b + 5*i + 124. What is the units digit of b?
3
Suppose -4*a = -2*a + 32. Suppose -37*b = -42*b - 315. Let s = a - b. What is the tens digit of s?
4
Let d(g) = 7*g - 14*g + 3*g + 2*g + 8. Let s be d(4). Suppose u - 3 + s = 0. What is the units digit of u?
3
Let t(d) = -d**3 - 10*d**2 - 12*d - 3. Let m be t(-9). Let v be -4 + m - (0 + 4). What is the units digit of ((-1)/2)/((-1)/v)?
8
Let k be -1 + 2/2*2. Let y be 1*6*(k + -5). Let f = 46 + y. What is the tens digit of f?
2
Let t be (3/(-2))/(6/176). Let a be (-1)/(-3 - 130/t). Suppose -40 = -2*s - 4*w, -2*s + a + 3 = w. What is the units digit of s?
0
Let s(o) = -o**3 + 2*o**2 + 3*o. Let k be 12/((-12)/16*-2). Suppose x + 3*x = -k. What is the tens digit of s(x)?
1
Let h be (5 - -21) + (8/2 - 3). Suppose 13*i - 10*i - h = 0. What is the units digit of i?
9
Let w(f) = f**3 + 6*f**2 - 8*f + 7. Let j be w(-7). Suppose 0 = 5*g - 3*g + j. What is the units digit of ((-2)/(-6))/(g/(-21))?
1
Let q(f) = -3*f + 4. Let h(u) = u**3 + 5*u**2 + 5*u - 1. Let x(v) = -3*v**2 - 1. Let y be x(-1). Let z be h(y). What is the units digit of q(z)?
9
Let r(f) = f**2 - 7*f - 5. Let w be r(8). Suppose w*g - 3 = 114. What is the units digit of (3 - 0)*416/g?
2
Let v be (-15)/(-6)*(-8)/(-5). Let m(n) = -n**3 + 3*n**2 + 3*n + 2. Let o be m(v). What is the units digit of 6/(-1)*8/o?
4
Suppose -28 = l - 37. What is the units digit of 3/(l/(-732)*-4)?
1
Suppose -95648 = -1948*n + 1932*n. What is the thousands digit of n?
5
Let z = 1020 - -519. What is the tens digit of z?
3
Suppose p + 11 - 74 = 0. Suppose -12 = -3*j, c - 2*c + p = -3*j. What is the units digit of c?
5
Suppose k + 2 = -k. Let i be (-4 - k)/((-5)/15). Suppose i*m = 5*m + 128. What is the units digit of m?
2
Suppose h - 29 + 28 = 0. Let u be -58 + ((-4)/(-1) - h). What is the units digit of 5/(-2)*44/u?
2
Suppose 105056 = -48*a + 104*a. What is the thousands digit of a?
1
Let q(y) = 195*y - 507. What is the units digit of q(16)?
3
Suppose -2*p + 8 = 0, -10*p + 5*p = 3*i - 7700. What is the units digit of i/15 + 4/12?
1
Suppose 5*q + 4*x = 31, 0*q + 2*q - 4*x = -10. Suppose -4*b + 81 = -3*c, -2*c = -q*b - 3*c + 77. What is the units digit of b?
4
Let g = -22 + 12. Let f be (g/(-15))/((-1)/(-3)). Suppose -t = -s + 28, 3*s + 3*t - f*t - 88 = 0. What is the units digit of s?
9
Let h be (10/(-4) + 2)*-6. Suppose 5*i + 2*x = 9, -x - h = -4*i + 12. Suppose i*a + 84 = 5*a. What is the tens digit of a?
4
Suppose -5*a + 866 = 4*o - 371, 2*o = a - 239. What is the units digit of a?
5
Suppose 24 = -0*z + 4*z. Let w = 6 + z. Suppose -m = -3*d + 2, -w = -5*m - d + 26. What is the units digit of m?
7
Suppose 2*h = -0 + 10. Let t(x) = -2*x**3 + 10*x**2 + 3*x**3 - h*x**2 + 2*x**2 + 6 + 5*x. What is the units digit of t(-5)?
1
Let t be (-2 + 8/6)*-9. Let x be t/(-24) - (-1)/4. Suppose x = -3*n + 3*y + 147, n + 6*y - 49 = 2*y. What is the tens digit of n?
4
Let v be (20/(-8))/((-10)/48*2). What is the units digit of -83*(-2)/v*3?
3
Suppose 52*t + 25620 = 73*t. What is the hundreds digit of t?
2
Let n(c) = 2 + 0 + c - 3 + 5. Let l be n(2). What is the tens digit of 28 + -1 + (l - 2)?
3
Suppose -g - z + 338 = -150, 0 = g - 4*z - 473. What is the tens digit of g?
8
Suppose -5*h - 34 = 5*g - 204, -77 = -2*h - 5*g. Suppose -14*v + 13*v = -h. What is the tens digit of v?
3
Let l(o) = 12*o**2 - 8*o - 33. What is the tens digit of l(-5)?
0
Suppose 0*f + 2*f + 2*j = -2, f = 5*j + 17. What is the units digit of 1100/8 + (-1)/f?
7
Suppose 0 = m + 2*m, -3*p + 5*m = 54. Let w = p + 66. What is the tens digit of w?
4
Suppose -2*y + 2 + 2 = 0. Let l be 12/3 + (y - 2). Suppose 0 = l*i - i - 30. What is the tens digit of i?
1
Let o be (-1008)/60*10/(-6). Let w(j) = -9*j + 4. Let n be w(-4). Let m = n - o. What is the units digit of m?
2
Suppose 2*l = -2*w + 288, 4*w + 4 + 8 = 0. What is the units digit of l?
7
What is the tens digit of (-7)/(-35)*-4*-2965?
7
Suppose 47*c = 52*c - 2*p - 11644, -c - p + 2333 = 0. What is the units digit of c?
0
Suppose 76447 - 422767 = -78*q. What is the thousands digit of q?
4
Suppose -2*o - 3*k + 1171 = 0, 3*o = -6*k + 10*k + 1782. What is the hundreds digit of o?
5
Let g(m) = -m**3 + 12*m**2 - 12*m + 8. Let s be g(